{"id":214,"date":"2016-07-06T17:32:41","date_gmt":"2016-07-06T15:32:41","guid":{"rendered":"http:\/\/www.coopaibc.it\/?page_id=214"},"modified":"2021-08-25T14:30:31","modified_gmt":"2021-08-25T12:30:31","slug":"presentazione","status":"publish","type":"page","link":"https:\/\/www.aibi.it\/coopaibc\/chi-siamo\/presentazione\/","title":{"rendered":"Presentazione"},"content":{"rendered":"<p>[vc_row][vc_column][vc_column_text]<strong>AIBC<\/strong> si impegna tutti i giorni cercando di arginare e risolvere le problematiche che insorgono con i maltrattamenti, con l\u2019abbandono e con la violazione di diritti che dovrebbero essere riconosciuti ad ogni minore. L&#8217;impegno quotidiano di AIBC si fonda sul principio di un&#8217;<strong>Accoglienza<\/strong>:[\/vc_column_text][\/vc_column][\/vc_row][vc_row][vc_column width=&#8221;1\/3&#8243;][vc_column_text]<\/p>\n<h3>Familiare<\/h3>\n<p>\u00ab<strong>Sentirsi a casa<\/strong>\u00bb. Crediamo sia importante, e cerchiamo di far s\u00ec che le persone che accogliamo nei nostri servizi possano vivere quest\u2019esperienza. <strong>AIBC<\/strong> crede fermamente nel potere che ha il sentirsi parte di una famiglia, sia essa anche temporanea, e di crescere in un contesto di amore e cura, cos\u00ec da garantire sia ai bambini, ai ragazzi e agli adulti che accogliamo un presente ed un futuro pi\u00f9 sereno.[\/vc_column_text][\/vc_column][vc_column width=&#8221;1\/3&#8243;][vc_column_text]<\/p>\n<h3>Protetta<\/h3>\n<p>\u00ab<strong>Al sicuro<\/strong>\u00bb. E&#8217; questa la richiesta pi\u00f9 frequente di chi vive una qualche difficolt\u00e0 e ha bisogno di sentirsi in un luogo protetto, privo di pericoli o giudizi, in cui poter avere la certezza di trovare un aiuto e vivere serenamente l\u2019aiuto che riceve.\u00a0 Uno dei principi guida dei servizi offerti da <strong>AIBC<\/strong> \u00e8 la protezione: tutti hanno il diritto di vivere e realizzarsi in un ambiente protetto, tutelato ed amichevole.[\/vc_column_text][\/vc_column][vc_column width=&#8221;1\/3&#8243;][vc_column_text]<\/p>\n<h3>Consapevole<\/h3>\n<p>\u00ab<strong>Essere cosciente<\/strong>\u00bb. Indica la scelta di un progetto che prevede la consapevolezza di chi lo intraprende e per questo non \u00e8 n\u00e9 improvvisato n\u00e9 superficiale, ma pensato e calato sulle specifiche esigenze, necessit\u00e0, capacit\u00e0 e ambizioni della persona presa in carico.<\/p>\n<p><a href=\"https:\/\/www.aibi.it\/coopaibc\/wp-content\/uploads\/2021\/08\/STATUTO-2021-2.pdf\">Statuto<\/a>[\/vc_column_text][\/vc_column][\/vc_row]<\/p>\n","protected":false},"excerpt":{"rendered":"<p>[vc_row][vc_column][vc_column_text]AIBC si impegna tutti i giorni cercando di arginare e risolvere le problematiche che insorgono con i maltrattamenti, con l&rsquo;abbandono e con la violazione di diritti che dovrebbero essere riconosciuti ad ogni minore. L&rsquo;impegno quotidiano di AIBC si fonda sul principio di un&rsquo;Accoglienza:[\/vc_column_text][\/vc_column][\/vc_row][vc_row][vc_column width=&rdquo;1\/3&Prime;][vc_column_text] Familiare &laquo;Sentirsi a casa&raquo;. Crediamo sia [&hellip;]<\/p>\n","protected":false},"author":1,"featured_media":0,"parent":212,"menu_order":0,"comment_status":"closed","ping_status":"closed","template":"page-templates\/full-width.php","meta":{"footnotes":""},"class_list":["post-214","page","type-page","status-publish"],"yoast_head":"<!-- This site is optimized with the Yoast SEO plugin v26.1.1 - https:\/\/yoast.com\/wordpress\/plugins\/seo\/ -->\n<title>Presentazione - AIBC<\/title>\n<meta name=\"robots\" content=\"index, follow, max-snippet:-1, max-image-preview:large, max-video-preview:-1\" \/>\n<link rel=\"canonical\" href=\"https:\/\/www.aibi.it\/coopaibc\/chi-siamo\/presentazione\/\" \/>\n<meta property=\"og:locale\" content=\"it_IT\" \/>\n<meta property=\"og:type\" content=\"article\" \/>\n<meta property=\"og:title\" content=\"Presentazione - AIBC\" \/>\n<meta property=\"og:description\" content=\"[vc_row][vc_column][vc_column_text]AIBC si impegna tutti i giorni cercando di arginare e risolvere le problematiche che insorgono con i maltrattamenti, con l&rsquo;abbandono e con la violazione di diritti che dovrebbero essere riconosciuti ad ogni minore. L&rsquo;impegno quotidiano di AIBC si fonda sul principio di un&rsquo;Accoglienza:[\/vc_column_text][\/vc_column][\/vc_row][vc_row][vc_column width=&rdquo;1\/3&Prime;][vc_column_text] Familiare &laquo;Sentirsi a casa&raquo;. Crediamo sia [&hellip;]\" \/>\n<meta property=\"og:url\" content=\"https:\/\/www.aibi.it\/coopaibc\/chi-siamo\/presentazione\/\" \/>\n<meta property=\"og:site_name\" content=\"AIBC\" \/>\n<meta property=\"article:modified_time\" content=\"2021-08-25T12:30:31+00:00\" \/>\n<meta name=\"twitter:card\" content=\"summary_large_image\" \/>\n<meta name=\"twitter:label1\" content=\"Tempo di lettura stimato\" \/>\n\t<meta name=\"twitter:data1\" content=\"2 minuti\" \/>\n<script type=\"application\/ld+json\" class=\"yoast-schema-graph\">{\"@context\":\"https:\/\/schema.org\",\"@graph\":[{\"@type\":\"WebPage\",\"@id\":\"https:\/\/www.aibi.it\/coopaibc\/chi-siamo\/presentazione\/\",\"url\":\"https:\/\/www.aibi.it\/coopaibc\/chi-siamo\/presentazione\/\",\"name\":\"Presentazione - AIBC\",\"isPartOf\":{\"@id\":\"https:\/\/www.aibi.it\/coopaibc\/#website\"},\"datePublished\":\"2016-07-06T15:32:41+00:00\",\"dateModified\":\"2021-08-25T12:30:31+00:00\",\"breadcrumb\":{\"@id\":\"https:\/\/www.aibi.it\/coopaibc\/chi-siamo\/presentazione\/#breadcrumb\"},\"inLanguage\":\"it-IT\",\"potentialAction\":[{\"@type\":\"ReadAction\",\"target\":[\"https:\/\/www.aibi.it\/coopaibc\/chi-siamo\/presentazione\/\"]}]},{\"@type\":\"BreadcrumbList\",\"@id\":\"https:\/\/www.aibi.it\/coopaibc\/chi-siamo\/presentazione\/#breadcrumb\",\"itemListElement\":[{\"@type\":\"ListItem\",\"position\":1,\"name\":\"Home\",\"item\":\"https:\/\/www.aibi.it\/coopaibc\/\"},{\"@type\":\"ListItem\",\"position\":2,\"name\":\"Chi siamo\",\"item\":\"https:\/\/www.aibi.it\/coopaibc\/chi-siamo\/\"},{\"@type\":\"ListItem\",\"position\":3,\"name\":\"Presentazione\"}]},{\"@type\":\"WebSite\",\"@id\":\"https:\/\/www.aibi.it\/coopaibc\/#website\",\"url\":\"https:\/\/www.aibi.it\/coopaibc\/\",\"name\":\"AIBC\",\"description\":\"Cooperativa Sociale\",\"publisher\":{\"@id\":\"https:\/\/www.aibi.it\/coopaibc\/#organization\"},\"potentialAction\":[{\"@type\":\"SearchAction\",\"target\":{\"@type\":\"EntryPoint\",\"urlTemplate\":\"https:\/\/www.aibi.it\/coopaibc\/?s={search_term_string}\"},\"query-input\":{\"@type\":\"PropertyValueSpecification\",\"valueRequired\":true,\"valueName\":\"search_term_string\"}}],\"inLanguage\":\"it-IT\"},{\"@type\":\"Organization\",\"@id\":\"https:\/\/www.aibi.it\/coopaibc\/#organization\",\"name\":\"AIBC\",\"url\":\"https:\/\/www.aibi.it\/coopaibc\/\",\"logo\":{\"@type\":\"ImageObject\",\"inLanguage\":\"it-IT\",\"@id\":\"https:\/\/www.aibi.it\/coopaibc\/#\/schema\/logo\/image\/\",\"url\":\"https:\/\/www.aibi.it\/coopaibc\/wp-content\/uploads\/2016\/11\/cropped-logo-aibc-arancio-neg-150-1.png\",\"contentUrl\":\"https:\/\/www.aibi.it\/coopaibc\/wp-content\/uploads\/2016\/11\/cropped-logo-aibc-arancio-neg-150-1.png\",\"width\":150,\"height\":88,\"caption\":\"AIBC\"},\"image\":{\"@id\":\"https:\/\/www.aibi.it\/coopaibc\/#\/schema\/logo\/image\/\"}}]}<\/script>\n<!-- \/ Yoast SEO plugin. -->","yoast_head_json":{"title":"Presentazione - AIBC","robots":{"index":"index","follow":"follow","max-snippet":"max-snippet:-1","max-image-preview":"max-image-preview:large","max-video-preview":"max-video-preview:-1"},"canonical":"https:\/\/www.aibi.it\/coopaibc\/chi-siamo\/presentazione\/","og_locale":"it_IT","og_type":"article","og_title":"Presentazione - AIBC","og_description":"[vc_row][vc_column][vc_column_text]AIBC si impegna tutti i giorni cercando di arginare e risolvere le problematiche che insorgono con i maltrattamenti, con l&rsquo;abbandono e con la violazione di diritti che dovrebbero essere riconosciuti ad ogni minore. L&rsquo;impegno quotidiano di AIBC si fonda sul principio di un&rsquo;Accoglienza:[\/vc_column_text][\/vc_column][\/vc_row][vc_row][vc_column width=&rdquo;1\/3&Prime;][vc_column_text] Familiare &laquo;Sentirsi a casa&raquo;. Crediamo sia [&hellip;]","og_url":"https:\/\/www.aibi.it\/coopaibc\/chi-siamo\/presentazione\/","og_site_name":"AIBC","article_modified_time":"2021-08-25T12:30:31+00:00","twitter_card":"summary_large_image","twitter_misc":{"Tempo di lettura stimato":"2 minuti"},"schema":{"@context":"https:\/\/schema.org","@graph":[{"@type":"WebPage","@id":"https:\/\/www.aibi.it\/coopaibc\/chi-siamo\/presentazione\/","url":"https:\/\/www.aibi.it\/coopaibc\/chi-siamo\/presentazione\/","name":"Presentazione - AIBC","isPartOf":{"@id":"https:\/\/www.aibi.it\/coopaibc\/#website"},"datePublished":"2016-07-06T15:32:41+00:00","dateModified":"2021-08-25T12:30:31+00:00","breadcrumb":{"@id":"https:\/\/www.aibi.it\/coopaibc\/chi-siamo\/presentazione\/#breadcrumb"},"inLanguage":"it-IT","potentialAction":[{"@type":"ReadAction","target":["https:\/\/www.aibi.it\/coopaibc\/chi-siamo\/presentazione\/"]}]},{"@type":"BreadcrumbList","@id":"https:\/\/www.aibi.it\/coopaibc\/chi-siamo\/presentazione\/#breadcrumb","itemListElement":[{"@type":"ListItem","position":1,"name":"Home","item":"https:\/\/www.aibi.it\/coopaibc\/"},{"@type":"ListItem","position":2,"name":"Chi siamo","item":"https:\/\/www.aibi.it\/coopaibc\/chi-siamo\/"},{"@type":"ListItem","position":3,"name":"Presentazione"}]},{"@type":"WebSite","@id":"https:\/\/www.aibi.it\/coopaibc\/#website","url":"https:\/\/www.aibi.it\/coopaibc\/","name":"AIBC","description":"Cooperativa Sociale","publisher":{"@id":"https:\/\/www.aibi.it\/coopaibc\/#organization"},"potentialAction":[{"@type":"SearchAction","target":{"@type":"EntryPoint","urlTemplate":"https:\/\/www.aibi.it\/coopaibc\/?s={search_term_string}"},"query-input":{"@type":"PropertyValueSpecification","valueRequired":true,"valueName":"search_term_string"}}],"inLanguage":"it-IT"},{"@type":"Organization","@id":"https:\/\/www.aibi.it\/coopaibc\/#organization","name":"AIBC","url":"https:\/\/www.aibi.it\/coopaibc\/","logo":{"@type":"ImageObject","inLanguage":"it-IT","@id":"https:\/\/www.aibi.it\/coopaibc\/#\/schema\/logo\/image\/","url":"https:\/\/www.aibi.it\/coopaibc\/wp-content\/uploads\/2016\/11\/cropped-logo-aibc-arancio-neg-150-1.png","contentUrl":"https:\/\/www.aibi.it\/coopaibc\/wp-content\/uploads\/2016\/11\/cropped-logo-aibc-arancio-neg-150-1.png","width":150,"height":88,"caption":"AIBC"},"image":{"@id":"https:\/\/www.aibi.it\/coopaibc\/#\/schema\/logo\/image\/"}}]}},"_links":{"self":[{"href":"https:\/\/www.aibi.it\/coopaibc\/wp-json\/wp\/v2\/pages\/214","targetHints":{"allow":["GET"]}}],"collection":[{"href":"https:\/\/www.aibi.it\/coopaibc\/wp-json\/wp\/v2\/pages"}],"about":[{"href":"https:\/\/www.aibi.it\/coopaibc\/wp-json\/wp\/v2\/types\/page"}],"author":[{"embeddable":true,"href":"https:\/\/www.aibi.it\/coopaibc\/wp-json\/wp\/v2\/users\/1"}],"replies":[{"embeddable":true,"href":"https:\/\/www.aibi.it\/coopaibc\/wp-json\/wp\/v2\/comments?post=214"}],"version-history":[{"count":7,"href":"https:\/\/www.aibi.it\/coopaibc\/wp-json\/wp\/v2\/pages\/214\/revisions"}],"predecessor-version":[{"id":2848,"href":"https:\/\/www.aibi.it\/coopaibc\/wp-json\/wp\/v2\/pages\/214\/revisions\/2848"}],"up":[{"embeddable":true,"href":"https:\/\/www.aibi.it\/coopaibc\/wp-json\/wp\/v2\/pages\/212"}],"wp:attachment":[{"href":"https:\/\/www.aibi.it\/coopaibc\/wp-json\/wp\/v2\/media?parent=214"}],"curies":[{"name":"wp","href":"https:\/\/api.w.org\/{rel}","templated":true}]}}