{"id":97,"date":"2015-10-14T12:52:47","date_gmt":"2015-10-14T12:52:47","guid":{"rendered":"http:\/\/demo.wpzoom.com\/medicus\/?page_id=97"},"modified":"2026-03-03T13:48:56","modified_gmt":"2026-03-03T12:48:56","slug":"residenziali-per-nuclei-monogenitoriali","status":"publish","type":"page","link":"https:\/\/www.aibi.it\/coopaibc\/servizi-per-gli-enti\/residenziali-per-nuclei-monogenitoriali\/","title":{"rendered":"Servizi Residenziali per Nuclei Monogenitoriali"},"content":{"rendered":"<p>[vc_row][vc_column][vc_column_text]<\/p>\n<h2>La Comunit\u00e0 Mamma-Bambino<\/h2>\n<p style=\"text-align: justify;\">\u00c8 un luogo fisico residenziale in cui abitano 4\/5 nuclei mamma-bambino costantemente affiancati da un gruppo di educatori impegnati ad accompagnarli verso una genitorialit\u00e0 responsabile.<\/p>\n<p style=\"text-align: justify;\">La comunit\u00e0 \u00e8 riservata a gestanti e a madri con propri figli che, per situazioni di rischio o per gravi problemi sociali e affettivi, hanno bisogno di essere allontanate dalla famiglia d\u2019origine ed inserite in un luogo protetto. \u00c8 un servizio di primo livello con una presenza educativa 24 ore su 24.<\/p>\n<p style=\"text-align: justify;\">Il tempo di permanenza delle utenti \u00e8 di 3 mesi per la pronta accoglienza, con possibilit\u00e0 di presa in carico con progetto specifico fino ad un massimo di 2 anni. L\u2019ammissione \u00e8 richiesta dai Servizi Sociali territorialmente competenti. Il servizio viene regolamentato dalle norme regionali ed \u00e8 soggetto ad autorizzazione al funzionamento e vigilanza da parte dei servizi preposti.<\/p>\n\n<table id=\"wp-table-reloaded-id-3-no-1\" class=\"wp-table-reloaded wp-table-reloaded-id-3\">\n<thead>\n\t<tr class=\"row-1 odd\">\n\t\t<th class=\"column-1\">Comunit\u00e0<\/th><th class=\"column-2\">Localit\u00e0<\/th><th class=\"column-3\">Utenza<\/th><th class=\"column-4\">Disponibilit\u00e0<\/th>\n\t<\/tr>\n<\/thead>\n<tbody>\n\t<tr class=\"row-2 even\">\n\t\t<td class=\"column-1\">Casa Caterina<\/td><td class=\"column-2\">Provincia Milano<\/td><td class=\"column-3\">Nuclei mamma-bambino<\/td><td class=\"column-4\">0 posti liberi<\/td>\n\t<\/tr>\n\t<tr class=\"row-3 odd\">\n\t\t<td class=\"column-1\">Casa Irene<\/td><td class=\"column-2\">Provincia di Milano<\/td><td class=\"column-3\">Nuclei mamma-bambino<\/td><td class=\"column-4\">1 posto libero<\/td>\n\t<\/tr>\n\t<tr class=\"row-4 even\">\n\t\t<td class=\"column-1\">Casa Tina<\/td><td class=\"column-2\">Provincia di Milano<\/td><td class=\"column-3\">Nuclei mamma-bambino<\/td><td class=\"column-4\">2 posti liberi<\/td>\n\t<\/tr>\n<\/tbody>\n<\/table>\n\n\n<!-- Buttons X - Start -->\n<style type=\"text\/css\">\/*2621-start*\/\n#btnsx-2621{text-align:center;margin-top:0px;margin-bottom:0px;margin-left:0px;margin-right:0px;padding-top:10px;padding-bottom:10px;padding-left:23px;padding-right:10px;}\n#btnsx-2621 .btnsx-text-primary{text-transform:uppercase;font-size:16px;line-height:21px;font-weight:bold;font-family:Inherit;color:#ffffff;padding-top:0px;padding-bottom:0px;padding-left:0px;padding-right:0px;}\n#btnsx-2621:hover .btnsx-text-primary{color:#ffffff;}\n#btnsx-2621 .btnsx-text-secondary{font-size:21px;line-height:21px;font-style:normal;color:#999;padding-top:0px;padding-bottom:0px;padding-left:0px;padding-right:0px;}\n#btnsx-2621:hover .btnsx-text-secondary{color:#777;}\n#btnsx-2621 .btnsx-icon{font-size:25px;line-height:50px;color:#ffffff;padding-top:0px;padding-bottom:0px;padding-left:15px;padding-right:14px;}\n#btnsx-2621 .btnsx-divider{border-left:0px solid ;left:px;}\n#btnsx-2621:hover .btnsx-icon{color:#ffffff;}\n#btnsx-2621 .btnsx-icon-img{top:0px;bottom:0px;left:0px;right:0px;}\n#btnsx-2621{background-color:#02c2f3!important;}\n#btnsx-2621:before{background-color:#65d6f2!important;}\n#btnsx-2621:hover{background-color:#65d6f2!important;}\n#btnsx-2621{border-top-width:0px;border-bottom-width:0px;border-left-width:0px;border-right-width:0px;border-style:none;border-top-left-radius:0px;border-top-right-radius:0px;border-bottom-left-radius:0px;border-bottom-right-radius:0px;}\n#btnsx-2621:hover{border-top-width:0px;border-bottom-width:0px;border-left-width:0px;border-right-width:0px;border-style:none;border-top-left-radius:0px;border-top-right-radius:0px;border-bottom-left-radius:0px;border-bottom-right-radius:0px;}\n#btnsx-2621{-webkit-box-shadow:none;box-shadow:none;}\n#btnsx-2621:hover{-webkit-box-shadow:none;box-shadow:none;}\n#btnsx-2621-dropdown .menu-item a{font-size:14px;font-style:normal;}\n#btnsx-2621-dropdown{border-top-width:1px;border-bottom-width:1px;border-left-width:1px;border-right-width:1px;border-style:solid;border-color:#ccc;border-top-left-radius:2px;border-top-right-radius:2px;border-bottom-left-radius:2px;border-bottom-right-radius:2px;}\n#btnsx-2621-dropdown:before{border-width:8px;margin-left:-8px;border-bottom-color:#ccc}\n#btnsx-2621-dropdown:after{border-width:6px;margin-left:-6px;}\n#btnsx-2621-dropdown{}\n@media screen and (max-width: 768px) {\n#btnsx-2621 {display:inline-block;}\n#btnsx-2621 .btnsx-text-primary {}\n#btnsx-2621 .btnsx-text-secondary {}\n#btnsx-2621 .btnsx-icon {}\n#btnsx-2621 .btnsx-divider {}\n}@media screen and (max-width: 480px) {\n#btnsx-2621 {display:inline-block;}\n#btnsx-2621 .btnsx-text-primary {}\n#btnsx-2621 .btnsx-text-secondary {}\n#btnsx-2621 .btnsx-icon {}\n#btnsx-2621 .btnsx-divider {}\n}\/*2621-end*\/\n<\/style>\n<a href=\"https:\/\/www.aibi.it\/coopaibc\/wp-content\/uploads\/2021\/10\/CARTA-DEI-SERVIZI-X-SITO-IRENE.pdf\" id=\"btnsx-2621\" target=\"_blank\" class=\"btnsx-btn \"  data-font-primary=\"Inherit\" data-font-primary-weight=\"bold\" data-animation=\"hover\" data-animation-type=\"bounce\">\n\t<span class=\"btnsx-divider\"><\/span><span class=\"btnsx-text-primary \">Scarica la Presentazione<\/span><i class=\"btnsx-icon fa fa-file-pdf-o\"><\/i><\/a>\n\n<!-- Buttons X - End -->\n\n\n<!-- Buttons X - Start -->\n<style type=\"text\/css\">\/*2621-start*\/\n#btnsx-2621{text-align:center;margin-top:0px;margin-bottom:0px;margin-left:0px;margin-right:0px;padding-top:10px;padding-bottom:10px;padding-left:23px;padding-right:10px;}\n#btnsx-2621 .btnsx-text-primary{text-transform:uppercase;font-size:16px;line-height:21px;font-weight:bold;font-family:Inherit;color:#ffffff;padding-top:0px;padding-bottom:0px;padding-left:0px;padding-right:0px;}\n#btnsx-2621:hover .btnsx-text-primary{color:#ffffff;}\n#btnsx-2621 .btnsx-text-secondary{font-size:21px;line-height:21px;font-style:normal;color:#999;padding-top:0px;padding-bottom:0px;padding-left:0px;padding-right:0px;}\n#btnsx-2621:hover .btnsx-text-secondary{color:#777;}\n#btnsx-2621 .btnsx-icon{font-size:25px;line-height:50px;color:#ffffff;padding-top:0px;padding-bottom:0px;padding-left:15px;padding-right:14px;}\n#btnsx-2621 .btnsx-divider{border-left:0px solid ;left:px;}\n#btnsx-2621:hover .btnsx-icon{color:#ffffff;}\n#btnsx-2621 .btnsx-icon-img{top:0px;bottom:0px;left:0px;right:0px;}\n#btnsx-2621{background-color:#02c2f3!important;}\n#btnsx-2621:before{background-color:#65d6f2!important;}\n#btnsx-2621:hover{background-color:#65d6f2!important;}\n#btnsx-2621{border-top-width:0px;border-bottom-width:0px;border-left-width:0px;border-right-width:0px;border-style:none;border-top-left-radius:0px;border-top-right-radius:0px;border-bottom-left-radius:0px;border-bottom-right-radius:0px;}\n#btnsx-2621:hover{border-top-width:0px;border-bottom-width:0px;border-left-width:0px;border-right-width:0px;border-style:none;border-top-left-radius:0px;border-top-right-radius:0px;border-bottom-left-radius:0px;border-bottom-right-radius:0px;}\n#btnsx-2621{-webkit-box-shadow:none;box-shadow:none;}\n#btnsx-2621:hover{-webkit-box-shadow:none;box-shadow:none;}\n#btnsx-2621-dropdown .menu-item a{font-size:14px;font-style:normal;}\n#btnsx-2621-dropdown{border-top-width:1px;border-bottom-width:1px;border-left-width:1px;border-right-width:1px;border-style:solid;border-color:#ccc;border-top-left-radius:2px;border-top-right-radius:2px;border-bottom-left-radius:2px;border-bottom-right-radius:2px;}\n#btnsx-2621-dropdown:before{border-width:8px;margin-left:-8px;border-bottom-color:#ccc}\n#btnsx-2621-dropdown:after{border-width:6px;margin-left:-6px;}\n#btnsx-2621-dropdown{}\n@media screen and (max-width: 768px) {\n#btnsx-2621 {display:inline-block;}\n#btnsx-2621 .btnsx-text-primary {}\n#btnsx-2621 .btnsx-text-secondary {}\n#btnsx-2621 .btnsx-icon {}\n#btnsx-2621 .btnsx-divider {}\n}@media screen and (max-width: 480px) {\n#btnsx-2621 {display:inline-block;}\n#btnsx-2621 .btnsx-text-primary {}\n#btnsx-2621 .btnsx-text-secondary {}\n#btnsx-2621 .btnsx-icon {}\n#btnsx-2621 .btnsx-divider {}\n}\/*2621-end*\/\n<\/style>\n<a href=\"https:\/\/www.aibi.it\/coopaibc\/wp-content\/uploads\/2021\/10\/CARTA-DEI-SERVIZI-X-SITO-CATERINA-low.pdf\" id=\"btnsx-2621\" target=\"_blank\" class=\"btnsx-btn \"  data-font-primary=\"Inherit\" data-font-primary-weight=\"bold\" data-animation=\"hover\" data-animation-type=\"bounce\">\n\t<span class=\"btnsx-divider\"><\/span><span class=\"btnsx-text-primary \">Scarica la Presentazione<\/span><i class=\"btnsx-icon fa fa-file-pdf-o\"><\/i><\/a>\n\n<!-- Buttons X - End -->\n\n<h2><strong>L&#8217;Appartamento di Autonomia<\/strong><\/h2>\n<p style=\"text-align: justify;\">L\u2019Appartamento di Autonomia \u00e8 un servizio di accoglienza residenziale rivolto a nuclei mamma-bambino in difficolt\u00e0 che hanno gi\u00e0 intrapreso un percorso di accompagnamento e sostegno presso la comunit\u00e0 mamma bambino. \u00c8 un servizio di secondo livello ed \u00e8 prevista una presenza educativa che pu\u00f2 variare da 10 a 20 ore settimanali a seconda del progetto educativo: semi o alta autonomia. Viene regolamentato dalle norme regionali ed \u00e8 soggetto ad autorizzazione al funzionamento da parte dei servizi preposti.<\/p>\n\n<table id=\"wp-table-reloaded-id-4-no-1\" class=\"wp-table-reloaded wp-table-reloaded-id-4\">\n<thead>\n\t<tr class=\"row-1 odd\">\n\t\t<th class=\"column-1\">Nome<\/th><th class=\"column-2\">Localit\u00e0<\/th><th class=\"column-3\">Caratteristiche<\/th><th class=\"column-4\">Disponibilit\u00e0<\/th>\n\t<\/tr>\n<\/thead>\n<tbody>\n\t<tr class=\"row-2 even\">\n\t\t<td class=\"column-1\">Gioia<\/td><td class=\"column-2\">Provincia di Milano<\/td><td class=\"column-3\">Alloggio per l'autonomia per nucleo mamma bambino<\/td><td class=\"column-4\">0 posti liberi<\/td>\n\t<\/tr>\n\t<tr class=\"row-3 odd\">\n\t\t<td class=\"column-1\">Aurora<\/td><td class=\"column-2\">Provincia di Milano<\/td><td class=\"column-3\">Alloggio per l'autonomia per nucleo mamma bambino<\/td><td class=\"column-4\">0 posti liberi<\/td>\n\t<\/tr>\n\t<tr class=\"row-4 even\">\n\t\t<td class=\"column-1\">Il Bocciolo<\/td><td class=\"column-2\">Provincia di Milano<\/td><td class=\"column-3\">Alloggio per l'autonomia per nucleo mamma bambino<\/td><td class=\"column-4\">0 posti liberi <\/td>\n\t<\/tr>\n\t<tr class=\"row-5 odd\">\n\t\t<td class=\"column-1\">Gemma<\/td><td class=\"column-2\">Provincia di Brescia<\/td><td class=\"column-3\">Alloggio per l'autonomia per nucleo mamma bambino<\/td><td class=\"column-4\">0 posti liberi<\/td>\n\t<\/tr>\n\t<tr class=\"row-6 even\">\n\t\t<td class=\"column-1\">Alba<\/td><td class=\"column-2\">Provincia di Brescia<\/td><td class=\"column-3\">Alloggio per l'autonomia per nucleo mamma bambino<\/td><td class=\"column-4\">0 posti liberi<\/td>\n\t<\/tr>\n\t<tr class=\"row-7 odd\">\n\t\t<td class=\"column-1\">Perla <\/td><td class=\"column-2\">Provincia di Brescia<\/td><td class=\"column-3\">Alloggio per l'autonomia per nucleo mamma bambino<\/td><td class=\"column-4\">0 posti liberi<\/td>\n\t<\/tr>\n\t<tr class=\"row-8 even\">\n\t\t<td class=\"column-1\">Angela <\/td><td class=\"column-2\">Provincia di Milano<\/td><td class=\"column-3\">Alloggio per l'autonomia per nucleo mamma bambino<\/td><td class=\"column-4\">0 posti liberi<\/td>\n\t<\/tr>\n\t<tr class=\"row-9 odd\">\n\t\t<td class=\"column-1\">Giuditta<\/td><td class=\"column-2\">Provincia di Milano<\/td><td class=\"column-3\">Alloggio per l'autonomia per nucleo mamma bambino<\/td><td class=\"column-4\">0 posti liberi<\/td>\n\t<\/tr>\n\t<tr class=\"row-10 even\">\n\t\t<td class=\"column-1\">Maria<\/td><td class=\"column-2\">Provincia di Milano<\/td><td class=\"column-3\">Alloggio per l'autonomia per nucleo mamma bambino<\/td><td class=\"column-4\">0 posti liberi<\/td>\n\t<\/tr>\n<\/tbody>\n<\/table>\n\n\n<!-- Buttons X - Start -->\n<style type=\"text\/css\">\/*2621-start*\/\n#btnsx-2621{text-align:center;margin-top:0px;margin-bottom:0px;margin-left:0px;margin-right:0px;padding-top:10px;padding-bottom:10px;padding-left:23px;padding-right:10px;}\n#btnsx-2621 .btnsx-text-primary{text-transform:uppercase;font-size:16px;line-height:21px;font-weight:bold;font-family:Inherit;color:#ffffff;padding-top:0px;padding-bottom:0px;padding-left:0px;padding-right:0px;}\n#btnsx-2621:hover .btnsx-text-primary{color:#ffffff;}\n#btnsx-2621 .btnsx-text-secondary{font-size:21px;line-height:21px;font-style:normal;color:#999;padding-top:0px;padding-bottom:0px;padding-left:0px;padding-right:0px;}\n#btnsx-2621:hover .btnsx-text-secondary{color:#777;}\n#btnsx-2621 .btnsx-icon{font-size:25px;line-height:50px;color:#ffffff;padding-top:0px;padding-bottom:0px;padding-left:15px;padding-right:14px;}\n#btnsx-2621 .btnsx-divider{border-left:0px solid ;left:px;}\n#btnsx-2621:hover .btnsx-icon{color:#ffffff;}\n#btnsx-2621 .btnsx-icon-img{top:0px;bottom:0px;left:0px;right:0px;}\n#btnsx-2621{background-color:#02c2f3!important;}\n#btnsx-2621:before{background-color:#65d6f2!important;}\n#btnsx-2621:hover{background-color:#65d6f2!important;}\n#btnsx-2621{border-top-width:0px;border-bottom-width:0px;border-left-width:0px;border-right-width:0px;border-style:none;border-top-left-radius:0px;border-top-right-radius:0px;border-bottom-left-radius:0px;border-bottom-right-radius:0px;}\n#btnsx-2621:hover{border-top-width:0px;border-bottom-width:0px;border-left-width:0px;border-right-width:0px;border-style:none;border-top-left-radius:0px;border-top-right-radius:0px;border-bottom-left-radius:0px;border-bottom-right-radius:0px;}\n#btnsx-2621{-webkit-box-shadow:none;box-shadow:none;}\n#btnsx-2621:hover{-webkit-box-shadow:none;box-shadow:none;}\n#btnsx-2621-dropdown .menu-item a{font-size:14px;font-style:normal;}\n#btnsx-2621-dropdown{border-top-width:1px;border-bottom-width:1px;border-left-width:1px;border-right-width:1px;border-style:solid;border-color:#ccc;border-top-left-radius:2px;border-top-right-radius:2px;border-bottom-left-radius:2px;border-bottom-right-radius:2px;}\n#btnsx-2621-dropdown:before{border-width:8px;margin-left:-8px;border-bottom-color:#ccc}\n#btnsx-2621-dropdown:after{border-width:6px;margin-left:-6px;}\n#btnsx-2621-dropdown{}\n@media screen and (max-width: 768px) {\n#btnsx-2621 {display:inline-block;}\n#btnsx-2621 .btnsx-text-primary {}\n#btnsx-2621 .btnsx-text-secondary {}\n#btnsx-2621 .btnsx-icon {}\n#btnsx-2621 .btnsx-divider {}\n}@media screen and (max-width: 480px) {\n#btnsx-2621 {display:inline-block;}\n#btnsx-2621 .btnsx-text-primary {}\n#btnsx-2621 .btnsx-text-secondary {}\n#btnsx-2621 .btnsx-icon {}\n#btnsx-2621 .btnsx-divider {}\n}\/*2621-end*\/\n<\/style>\n<a href=\"https:\/\/www.aibi.it\/coopaibc\/wp-content\/uploads\/2024\/02\/Villa-Capitanio-_-21-02-24.pdf%20\" id=\"btnsx-2621\" target=\"_blank\" class=\"btnsx-btn \"  data-font-primary=\"Inherit\" data-font-primary-weight=\"bold\" data-animation=\"hover\" data-animation-type=\"bounce\">\n\t<span class=\"btnsx-divider\"><\/span><span class=\"btnsx-text-primary \">Scarica la Presentazione<\/span><i class=\"btnsx-icon fa fa-file-pdf-o\"><\/i><\/a>\n\n<!-- Buttons X - End -->\n\n<p>[\/vc_column_text][\/vc_column][\/vc_row]<\/p>\n","protected":false},"excerpt":{"rendered":"<p>[vc_row][vc_column][vc_column_text] La Comunit&agrave; Mamma-Bambino &Egrave; un luogo fisico residenziale in cui abitano 4\/5 nuclei mamma-bambino costantemente affiancati da un gruppo di educatori impegnati ad accompagnarli verso una genitorialit&agrave; responsabile. La comunit&agrave; &egrave; riservata a gestanti e a madri con propri figli che, per situazioni di rischio o per gravi problemi [&hellip;]<\/p>\n","protected":false},"author":1,"featured_media":486,"parent":90,"menu_order":3,"comment_status":"closed","ping_status":"closed","template":"page-templates\/full-width.php","meta":{"footnotes":""},"class_list":["post-97","page","type-page","status-publish","has-post-thumbnail"],"yoast_head":"<!-- This site is optimized with the Yoast SEO plugin v26.1.1 - https:\/\/yoast.com\/wordpress\/plugins\/seo\/ -->\n<title>Servizi Residenziali per Nuclei Monogenitoriali - AIBC<\/title>\n<meta name=\"robots\" content=\"index, follow, max-snippet:-1, max-image-preview:large, max-video-preview:-1\" \/>\n<link rel=\"canonical\" href=\"https:\/\/www.aibi.it\/coopaibc\/servizi-per-gli-enti\/residenziali-per-nuclei-monogenitoriali\/\" \/>\n<meta property=\"og:locale\" content=\"it_IT\" \/>\n<meta property=\"og:type\" content=\"article\" \/>\n<meta property=\"og:title\" content=\"Servizi Residenziali per Nuclei Monogenitoriali - AIBC\" \/>\n<meta property=\"og:description\" content=\"[vc_row][vc_column][vc_column_text] La Comunit&agrave; Mamma-Bambino &Egrave; un luogo fisico residenziale in cui abitano 4\/5 nuclei mamma-bambino costantemente affiancati da un gruppo di educatori impegnati ad accompagnarli verso una genitorialit&agrave; responsabile. La comunit&agrave; &egrave; riservata a gestanti e a madri con propri figli che, per situazioni di rischio o per gravi problemi [&hellip;]\" \/>\n<meta property=\"og:url\" content=\"https:\/\/www.aibi.it\/coopaibc\/servizi-per-gli-enti\/residenziali-per-nuclei-monogenitoriali\/\" \/>\n<meta property=\"og:site_name\" content=\"AIBC\" \/>\n<meta property=\"article:modified_time\" content=\"2026-03-03T12:48:56+00:00\" \/>\n<meta property=\"og:image\" content=\"https:\/\/www.aibi.it\/coopaibc\/wp-content\/uploads\/2017\/09\/DSC_0497.jpg\" \/>\n\t<meta property=\"og:image:width\" content=\"1024\" \/>\n\t<meta property=\"og:image:height\" content=\"768\" \/>\n\t<meta property=\"og:image:type\" content=\"image\/jpeg\" \/>\n<meta name=\"twitter:card\" content=\"summary_large_image\" \/>\n<meta name=\"twitter:label1\" content=\"Tempo di lettura stimato\" \/>\n\t<meta name=\"twitter:data1\" content=\"2 minuti\" \/>\n<script type=\"application\/ld+json\" class=\"yoast-schema-graph\">{\"@context\":\"https:\/\/schema.org\",\"@graph\":[{\"@type\":\"WebPage\",\"@id\":\"https:\/\/www.aibi.it\/coopaibc\/servizi-per-gli-enti\/residenziali-per-nuclei-monogenitoriali\/\",\"url\":\"https:\/\/www.aibi.it\/coopaibc\/servizi-per-gli-enti\/residenziali-per-nuclei-monogenitoriali\/\",\"name\":\"Servizi Residenziali per Nuclei Monogenitoriali - AIBC\",\"isPartOf\":{\"@id\":\"https:\/\/www.aibi.it\/coopaibc\/#website\"},\"primaryImageOfPage\":{\"@id\":\"https:\/\/www.aibi.it\/coopaibc\/servizi-per-gli-enti\/residenziali-per-nuclei-monogenitoriali\/#primaryimage\"},\"image\":{\"@id\":\"https:\/\/www.aibi.it\/coopaibc\/servizi-per-gli-enti\/residenziali-per-nuclei-monogenitoriali\/#primaryimage\"},\"thumbnailUrl\":\"https:\/\/www.aibi.it\/coopaibc\/wp-content\/uploads\/2017\/09\/DSC_0497.jpg\",\"datePublished\":\"2015-10-14T12:52:47+00:00\",\"dateModified\":\"2026-03-03T12:48:56+00:00\",\"breadcrumb\":{\"@id\":\"https:\/\/www.aibi.it\/coopaibc\/servizi-per-gli-enti\/residenziali-per-nuclei-monogenitoriali\/#breadcrumb\"},\"inLanguage\":\"it-IT\",\"potentialAction\":[{\"@type\":\"ReadAction\",\"target\":[\"https:\/\/www.aibi.it\/coopaibc\/servizi-per-gli-enti\/residenziali-per-nuclei-monogenitoriali\/\"]}]},{\"@type\":\"ImageObject\",\"inLanguage\":\"it-IT\",\"@id\":\"https:\/\/www.aibi.it\/coopaibc\/servizi-per-gli-enti\/residenziali-per-nuclei-monogenitoriali\/#primaryimage\",\"url\":\"https:\/\/www.aibi.it\/coopaibc\/wp-content\/uploads\/2017\/09\/DSC_0497.jpg\",\"contentUrl\":\"https:\/\/www.aibi.it\/coopaibc\/wp-content\/uploads\/2017\/09\/DSC_0497.jpg\",\"width\":1024,\"height\":768},{\"@type\":\"BreadcrumbList\",\"@id\":\"https:\/\/www.aibi.it\/coopaibc\/servizi-per-gli-enti\/residenziali-per-nuclei-monogenitoriali\/#breadcrumb\",\"itemListElement\":[{\"@type\":\"ListItem\",\"position\":1,\"name\":\"Home\",\"item\":\"https:\/\/www.aibi.it\/coopaibc\/\"},{\"@type\":\"ListItem\",\"position\":2,\"name\":\"Servizi per gli Enti\",\"item\":\"https:\/\/www.aibi.it\/coopaibc\/servizi-per-gli-enti\/\"},{\"@type\":\"ListItem\",\"position\":3,\"name\":\"Servizi Residenziali per Nuclei Monogenitoriali\"}]},{\"@type\":\"WebSite\",\"@id\":\"https:\/\/www.aibi.it\/coopaibc\/#website\",\"url\":\"https:\/\/www.aibi.it\/coopaibc\/\",\"name\":\"AIBC\",\"description\":\"Cooperativa Sociale\",\"publisher\":{\"@id\":\"https:\/\/www.aibi.it\/coopaibc\/#organization\"},\"potentialAction\":[{\"@type\":\"SearchAction\",\"target\":{\"@type\":\"EntryPoint\",\"urlTemplate\":\"https:\/\/www.aibi.it\/coopaibc\/?s={search_term_string}\"},\"query-input\":{\"@type\":\"PropertyValueSpecification\",\"valueRequired\":true,\"valueName\":\"search_term_string\"}}],\"inLanguage\":\"it-IT\"},{\"@type\":\"Organization\",\"@id\":\"https:\/\/www.aibi.it\/coopaibc\/#organization\",\"name\":\"AIBC\",\"url\":\"https:\/\/www.aibi.it\/coopaibc\/\",\"logo\":{\"@type\":\"ImageObject\",\"inLanguage\":\"it-IT\",\"@id\":\"https:\/\/www.aibi.it\/coopaibc\/#\/schema\/logo\/image\/\",\"url\":\"https:\/\/www.aibi.it\/coopaibc\/wp-content\/uploads\/2016\/11\/cropped-logo-aibc-arancio-neg-150-1.png\",\"contentUrl\":\"https:\/\/www.aibi.it\/coopaibc\/wp-content\/uploads\/2016\/11\/cropped-logo-aibc-arancio-neg-150-1.png\",\"width\":150,\"height\":88,\"caption\":\"AIBC\"},\"image\":{\"@id\":\"https:\/\/www.aibi.it\/coopaibc\/#\/schema\/logo\/image\/\"}}]}<\/script>\n<!-- \/ Yoast SEO plugin. -->","yoast_head_json":{"title":"Servizi Residenziali per Nuclei Monogenitoriali - AIBC","robots":{"index":"index","follow":"follow","max-snippet":"max-snippet:-1","max-image-preview":"max-image-preview:large","max-video-preview":"max-video-preview:-1"},"canonical":"https:\/\/www.aibi.it\/coopaibc\/servizi-per-gli-enti\/residenziali-per-nuclei-monogenitoriali\/","og_locale":"it_IT","og_type":"article","og_title":"Servizi Residenziali per Nuclei Monogenitoriali - AIBC","og_description":"[vc_row][vc_column][vc_column_text] La Comunit&agrave; Mamma-Bambino &Egrave; un luogo fisico residenziale in cui abitano 4\/5 nuclei mamma-bambino costantemente affiancati da un gruppo di educatori impegnati ad accompagnarli verso una genitorialit&agrave; responsabile. La comunit&agrave; &egrave; riservata a gestanti e a madri con propri figli che, per situazioni di rischio o per gravi problemi [&hellip;]","og_url":"https:\/\/www.aibi.it\/coopaibc\/servizi-per-gli-enti\/residenziali-per-nuclei-monogenitoriali\/","og_site_name":"AIBC","article_modified_time":"2026-03-03T12:48:56+00:00","og_image":[{"width":1024,"height":768,"url":"https:\/\/www.aibi.it\/coopaibc\/wp-content\/uploads\/2017\/09\/DSC_0497.jpg","type":"image\/jpeg"}],"twitter_card":"summary_large_image","twitter_misc":{"Tempo di lettura stimato":"2 minuti"},"schema":{"@context":"https:\/\/schema.org","@graph":[{"@type":"WebPage","@id":"https:\/\/www.aibi.it\/coopaibc\/servizi-per-gli-enti\/residenziali-per-nuclei-monogenitoriali\/","url":"https:\/\/www.aibi.it\/coopaibc\/servizi-per-gli-enti\/residenziali-per-nuclei-monogenitoriali\/","name":"Servizi Residenziali per Nuclei Monogenitoriali - AIBC","isPartOf":{"@id":"https:\/\/www.aibi.it\/coopaibc\/#website"},"primaryImageOfPage":{"@id":"https:\/\/www.aibi.it\/coopaibc\/servizi-per-gli-enti\/residenziali-per-nuclei-monogenitoriali\/#primaryimage"},"image":{"@id":"https:\/\/www.aibi.it\/coopaibc\/servizi-per-gli-enti\/residenziali-per-nuclei-monogenitoriali\/#primaryimage"},"thumbnailUrl":"https:\/\/www.aibi.it\/coopaibc\/wp-content\/uploads\/2017\/09\/DSC_0497.jpg","datePublished":"2015-10-14T12:52:47+00:00","dateModified":"2026-03-03T12:48:56+00:00","breadcrumb":{"@id":"https:\/\/www.aibi.it\/coopaibc\/servizi-per-gli-enti\/residenziali-per-nuclei-monogenitoriali\/#breadcrumb"},"inLanguage":"it-IT","potentialAction":[{"@type":"ReadAction","target":["https:\/\/www.aibi.it\/coopaibc\/servizi-per-gli-enti\/residenziali-per-nuclei-monogenitoriali\/"]}]},{"@type":"ImageObject","inLanguage":"it-IT","@id":"https:\/\/www.aibi.it\/coopaibc\/servizi-per-gli-enti\/residenziali-per-nuclei-monogenitoriali\/#primaryimage","url":"https:\/\/www.aibi.it\/coopaibc\/wp-content\/uploads\/2017\/09\/DSC_0497.jpg","contentUrl":"https:\/\/www.aibi.it\/coopaibc\/wp-content\/uploads\/2017\/09\/DSC_0497.jpg","width":1024,"height":768},{"@type":"BreadcrumbList","@id":"https:\/\/www.aibi.it\/coopaibc\/servizi-per-gli-enti\/residenziali-per-nuclei-monogenitoriali\/#breadcrumb","itemListElement":[{"@type":"ListItem","position":1,"name":"Home","item":"https:\/\/www.aibi.it\/coopaibc\/"},{"@type":"ListItem","position":2,"name":"Servizi per gli Enti","item":"https:\/\/www.aibi.it\/coopaibc\/servizi-per-gli-enti\/"},{"@type":"ListItem","position":3,"name":"Servizi Residenziali per Nuclei Monogenitoriali"}]},{"@type":"WebSite","@id":"https:\/\/www.aibi.it\/coopaibc\/#website","url":"https:\/\/www.aibi.it\/coopaibc\/","name":"AIBC","description":"Cooperativa Sociale","publisher":{"@id":"https:\/\/www.aibi.it\/coopaibc\/#organization"},"potentialAction":[{"@type":"SearchAction","target":{"@type":"EntryPoint","urlTemplate":"https:\/\/www.aibi.it\/coopaibc\/?s={search_term_string}"},"query-input":{"@type":"PropertyValueSpecification","valueRequired":true,"valueName":"search_term_string"}}],"inLanguage":"it-IT"},{"@type":"Organization","@id":"https:\/\/www.aibi.it\/coopaibc\/#organization","name":"AIBC","url":"https:\/\/www.aibi.it\/coopaibc\/","logo":{"@type":"ImageObject","inLanguage":"it-IT","@id":"https:\/\/www.aibi.it\/coopaibc\/#\/schema\/logo\/image\/","url":"https:\/\/www.aibi.it\/coopaibc\/wp-content\/uploads\/2016\/11\/cropped-logo-aibc-arancio-neg-150-1.png","contentUrl":"https:\/\/www.aibi.it\/coopaibc\/wp-content\/uploads\/2016\/11\/cropped-logo-aibc-arancio-neg-150-1.png","width":150,"height":88,"caption":"AIBC"},"image":{"@id":"https:\/\/www.aibi.it\/coopaibc\/#\/schema\/logo\/image\/"}}]}},"_links":{"self":[{"href":"https:\/\/www.aibi.it\/coopaibc\/wp-json\/wp\/v2\/pages\/97","targetHints":{"allow":["GET"]}}],"collection":[{"href":"https:\/\/www.aibi.it\/coopaibc\/wp-json\/wp\/v2\/pages"}],"about":[{"href":"https:\/\/www.aibi.it\/coopaibc\/wp-json\/wp\/v2\/types\/page"}],"author":[{"embeddable":true,"href":"https:\/\/www.aibi.it\/coopaibc\/wp-json\/wp\/v2\/users\/1"}],"replies":[{"embeddable":true,"href":"https:\/\/www.aibi.it\/coopaibc\/wp-json\/wp\/v2\/comments?post=97"}],"version-history":[{"count":23,"href":"https:\/\/www.aibi.it\/coopaibc\/wp-json\/wp\/v2\/pages\/97\/revisions"}],"predecessor-version":[{"id":4032,"href":"https:\/\/www.aibi.it\/coopaibc\/wp-json\/wp\/v2\/pages\/97\/revisions\/4032"}],"up":[{"embeddable":true,"href":"https:\/\/www.aibi.it\/coopaibc\/wp-json\/wp\/v2\/pages\/90"}],"wp:featuredmedia":[{"embeddable":true,"href":"https:\/\/www.aibi.it\/coopaibc\/wp-json\/wp\/v2\/media\/486"}],"wp:attachment":[{"href":"https:\/\/www.aibi.it\/coopaibc\/wp-json\/wp\/v2\/media?parent=97"}],"curies":[{"name":"wp","href":"https:\/\/api.w.org\/{rel}","templated":true}]}}