{"id":62,"date":"2009-05-18T12:48:49","date_gmt":"2009-05-18T10:48:49","guid":{"rendered":"http:\/\/www.aibi.it\/lasciti-testamentari\/?page_id=62"},"modified":"2024-09-10T12:11:46","modified_gmt":"2024-09-10T10:11:46","slug":"esempi-di-testamento","status":"publish","type":"page","link":"https:\/\/www.aibi.it\/lasciti-testamentari\/fare-testamento\/esempi-di-testamento\/","title":{"rendered":"Perch\u00e8 scegliere Ai.Bi."},"content":{"rendered":"[vc_row type=&#8221;full_width_background&#8221; full_screen_row_position=&#8221;middle&#8221; bg_color=&#8221;#ffffff&#8221; scene_position=&#8221;center&#8221; text_color=&#8221;dark&#8221; text_align=&#8221;left&#8221; top_padding=&#8221;10%&#8221; bottom_padding=&#8221;10%&#8221; overlay_strength=&#8221;1&#8243; shape_divider_position=&#8221;bottom&#8221;][vc_column column_padding=&#8221;no-extra-padding&#8221; column_padding_position=&#8221;all&#8221; background_color_opacity=&#8221;1&#8243; background_hover_color_opacity=&#8221;1&#8243; column_shadow=&#8221;none&#8221; column_border_radius=&#8221;none&#8221; width=&#8221;1\/1&#8243; tablet_text_alignment=&#8221;default&#8221; phone_text_alignment=&#8221;default&#8221; column_border_width=&#8221;none&#8221; column_border_style=&#8221;solid&#8221;][vc_row_inner column_margin=&#8221;default&#8221; text_align=&#8221;left&#8221;][vc_column_inner column_padding=&#8221;no-extra-padding&#8221; column_padding_position=&#8221;all&#8221; background_color_opacity=&#8221;1&#8243; background_hover_color_opacity=&#8221;1&#8243; column_shadow=&#8221;none&#8221; column_border_radius=&#8221;none&#8221; width=&#8221;1\/1&#8243; column_border_width=&#8221;none&#8221; column_border_style=&#8221;solid&#8221;][split_line_heading]\n<h2>Grazie ai lasciti testamentari, Amici dei Bambini ha aperto molte strutture che accolgono bambini, mamme e adolescenti in difficolt\u00e0<\/h2>\n<p>Dal 1986 ad oggi, abbiamo restituito a migliaia di minori abbandonati, l\u2019amore di una mamma e di un pap\u00e0..[\/split_line_heading][\/vc_column_inner][\/vc_row_inner][vc_row_inner column_margin=&#8221;default&#8221; text_align=&#8221;left&#8221;][vc_column_inner enable_animation=&#8221;true&#8221; animation=&#8221;fade-in-from-bottom&#8221; column_padding=&#8221;padding-3-percent&#8221; column_padding_position=&#8221;top-bottom&#8221; background_color_opacity=&#8221;1&#8243; background_hover_color_opacity=&#8221;1&#8243; column_shadow=&#8221;none&#8221; column_border_radius=&#8221;none&#8221; width=&#8221;1\/2&#8243; column_border_width=&#8221;none&#8221; column_border_style=&#8221;solid&#8221;][vc_column_text css=&#8221;.vc_custom_1713274484403{padding-right: 10% !important;}&#8221;]<span style=\"font-weight: 400;\">Il sorriso dei bambini che tornano a sentirsi figli \u00e8 la fonte della nostra energia e il faro della <\/span><a href=\"http:\/\/www.aibi.it\/ita\/attivita\/\"><span style=\"font-weight: 400;\">nostra <\/span><i><span style=\"font-weight: 400;\">mission<\/span><\/i><\/a><span style=\"font-weight: 400;\">, che si realizza attraverso l\u2019<\/span><b>Adozione Internazionale<\/b><span style=\"font-weight: 400;\">; l\u2019<\/span><b>Affido Familiare<\/b><span style=\"font-weight: 400;\">; il <\/span><b>sostegno a migliaia di minori<\/b><span style=\"font-weight: 400;\"> che si trovano negli orfanotrofi del mondo; l\u2019<\/span><b>aiuto alle famiglie<\/b><span style=\"font-weight: 400;\"> in difficolt\u00e0; l\u2019<\/span><b>accoglienza dei minori<\/b><span style=\"font-weight: 400;\"> all\u2019interno delle nostre strutture: <\/span><b>case famiglia<\/b><span style=\"font-weight: 400;\">, <\/span><b>comunit\u00e0 educative<\/b><span style=\"font-weight: 400;\"> per adolescenti, <\/span><b>appartamenti di alta autonomia<\/b><span style=\"font-weight: 400;\">, <\/span><b>comunit\u00e0 mamma-bambino<\/b><span style=\"font-weight: 400;\">.<\/span><\/p>\n<p><span style=\"font-weight: 400;\">Quest\u2019ultimo servizio verso i minori, le mamme e i ragazzi in difficolt\u00e0 \u00e8 reso possibile anche dalla generosit\u00e0 di chi ha voluto <\/span><b>destinare parte del proprio patrimonio ad Amici dei Bambini<\/b><span style=\"font-weight: 400;\"> tramite una <\/span><b>donazione<\/b><span style=\"font-weight: 400;\"> o un <\/span><b>lascito testamentario<\/b><span style=\"font-weight: 400;\">.<\/span><\/p>\n<p><span style=\"font-weight: 400;\">Un atto di straordinaria generosit\u00e0 che permette di trasmettere i propri valori e \u201carricchire\u201d con un gesto di attenzione e di concreto supporto tantissime altre persone.<\/span><\/p>\n<p><span style=\"font-weight: 400;\">Grazie ai lasciti testamentari, infatti, Ai.Bi. ha potuto aprire, nel corso degli anni, diverse strutture per bambini, mamme e adolescenti, acquistando o ristrutturando immobili per renderli idonei alle esigenze di accoglienza.<\/span>[\/vc_column_text][\/vc_column_inner][vc_column_inner enable_animation=&#8221;true&#8221; animation=&#8221;fade-in-from-bottom&#8221; column_padding=&#8221;padding-3-percent&#8221; column_padding_position=&#8221;top-bottom&#8221; background_color_opacity=&#8221;1&#8243; background_hover_color_opacity=&#8221;1&#8243; column_shadow=&#8221;none&#8221; column_border_radius=&#8221;none&#8221; width=&#8221;1\/2&#8243; column_border_width=&#8221;none&#8221; column_border_style=&#8221;solid&#8221; delay=&#8221;100&#8243;][vc_column_text css=&#8221;.vc_custom_1725963103296{padding-right: 10% !important;}&#8221;]<span style=\"font-weight: 400;\">La riconoscenza verso i benefattori che hanno consentito ad Amici dei Bambini di portare avanti e accrescere questa fondamentale attivit\u00e0 \u00e8 resa manifesta dal fatto di <\/span><b>intitolare la comunit\u00e0 al nome del donatore<\/b><span style=\"font-weight: 400;\">, oltre ad apporre una <\/span><b>targa in memoria<\/b><span style=\"font-weight: 400;\"> dello stesso all\u2019interno della cappella presente nella sede centrale di Amici dei Bambini.<\/span><\/p>\n<p><span style=\"font-weight: 400;\">\u00c8 stato cos\u00ec per il grande stabile della <\/span><b>Family House,<\/b><span style=\"font-weight: 400;\"> realizzata grazie all\u2019eredit\u00e0 lasciata dalla <\/span><b>signora Caterina,<\/b><span style=\"font-weight: 400;\"> a cui \u00e8 espressamente dedicata una delle due comunit\u00e0 <\/span><b>mamma-bambino<\/b><span style=\"font-weight: 400;\"> che si trovano all\u2019interno.<\/span><span style=\"font-weight: 400;\"><br \/>\n<\/span><span style=\"font-weight: 400;\">Alla signora Angela (a sua volta figlia adottiva) \u00e8 invece dedicato l\u2019<\/span><b>alloggio Angela<\/b><span style=\"font-weight: 400;\">, inizialmente nato come foresteria, ma in seguito, a causa dell\u2019alto numero di richieste, sistemato come alloggio per l\u2019autonomia <\/span><b>mamma-bambino<\/b><span style=\"font-weight: 400;\">.<\/span><span style=\"font-weight: 400;\"><br \/>\n<\/span><span style=\"font-weight: 400;\">A Triestina, Maria e Giuditta sono dedicati rispettivamente <\/span><b>Casa Tina<\/b><span style=\"font-weight: 400;\"> (CMB), <\/span><b>Giuditta, alloggio di semi autonomia per mamme-bambino<\/b><span style=\"font-weight: 400;\">, e <\/span><b>Maria, alloggio ad alta autonomia per mamme-bambino<\/b><span style=\"font-weight: 400;\">.<\/span><span style=\"font-weight: 400;\"><br \/>\n<\/span><span style=\"font-weight: 400;\">Il signor Giuseppe \u00e8 il donatore a cui \u00e8 intitolato l\u2019<\/span><b>alloggio per l\u2019autonomia per neomaggiorenni<\/b> <b>Casa Giuseppe<\/b><span style=\"font-weight: 400;\">, mentre alla signora <\/span><b>Idelma<\/b><span style=\"font-weight: 400;\"> era stato dedicato un altro alloggio per l\u2019autonomia mamme-bambino.<\/span>[\/vc_column_text][\/vc_column_inner][\/vc_row_inner][vc_row_inner column_margin=&#8221;default&#8221; text_align=&#8221;left&#8221;][vc_column_inner column_padding=&#8221;no-extra-padding&#8221; column_padding_position=&#8221;all&#8221; background_color_opacity=&#8221;1&#8243; background_hover_color_opacity=&#8221;1&#8243; column_shadow=&#8221;none&#8221; column_border_radius=&#8221;none&#8221; width=&#8221;1\/1&#8243; column_border_width=&#8221;none&#8221; column_border_style=&#8221;solid&#8221;][split_line_heading]Nonostante questa grande generosit\u00e0 da parte di tanti e l\u2019impegno quotidiano di tutti gli operatori che proprio in queste strutture portano avanti la missione di Ai.Bi., sono ancora tanti, troppi, i bambini in difficolt\u00e0, le mamme senza un rifugio, o gli adolescenti che non trovano porte a cui bussare.<\/p>\n<p>\u00c8 per questo che abbiamo ancora bisogno di te: hai mai pensato che un tuo semplice gesto pu\u00f2 cambiare la vita di un bambino abbandonato?<\/p>\n<p><strong>Un lascito testamentario ad Amici dei Bambini \u00e8 quel gesto concreto che pu\u00f2 fare la differenza.<\/strong>[\/split_line_heading][vc_gallery type=&#8221;flickity_style&#8221; images=&#8221;4923&#8243; flickity_controls=&#8221;material_pagination&#8221; flickity_desktop_columns=&#8221;1&#8243; flickity_small_desktop_columns=&#8221;1&#8243; flickity_tablet_columns=&#8221;1&#8243; flickity_box_shadow=&#8221;large_depth&#8221; onclick=&#8221;link_no&#8221; img_size=&#8221;full&#8221;][\/vc_column_inner][\/vc_row_inner][\/vc_column][\/vc_row]\n","protected":false},"excerpt":{"rendered":"<p>[vc_row type=&#8221;full_width_background&#8221; full_screen_row_position=&#8221;middle&#8221; bg_color=&#8221;#ffffff&#8221; scene_position=&#8221;center&#8221; text_color=&#8221;dark&#8221; text_align=&#8221;left&#8221; top_padding=&#8221;10%&#8221; bottom_padding=&#8221;10%&#8221; overlay_strength=&#8221;1&#8243; shape_divider_position=&#8221;bottom&#8221;][vc_column column_padding=&#8221;no-extra-padding&#8221; column_padding_position=&#8221;all&#8221; background_color_opacity=&#8221;1&#8243; background_hover_color_opacity=&#8221;1&#8243; column_shadow=&#8221;none&#8221; column_border_radius=&#8221;none&#8221; width=&#8221;1\/1&#8243; tablet_text_alignment=&#8221;default&#8221; phone_text_alignment=&#8221;default&#8221; column_border_width=&#8221;none&#8221; column_border_style=&#8221;solid&#8221;][vc_row_inner column_margin=&#8221;default&#8221; text_align=&#8221;left&#8221;][vc_column_inner column_padding=&#8221;no-extra-padding&#8221; column_padding_position=&#8221;all&#8221; background_color_opacity=&#8221;1&#8243; background_hover_color_opacity=&#8221;1&#8243; column_shadow=&#8221;none&#8221; column_border_radius=&#8221;none&#8221; width=&#8221;1\/1&#8243; column_border_width=&#8221;none&#8221; column_border_style=&#8221;solid&#8221;][split_line_heading] Grazie ai lasciti testamentari, Amici dei Bambini ha aperto molte strutture che accolgono bambini, mamme e adolescenti in difficolt\u00e0 Dal 1986 ad oggi, abbiamo restituito a migliaia&#8230;<\/p>\n","protected":false},"author":3,"featured_media":0,"parent":29,"menu_order":1,"comment_status":"closed","ping_status":"open","template":"","meta":[],"yoast_head":"<!-- This site is optimized with the Yoast SEO plugin v21.1 - https:\/\/yoast.com\/wordpress\/plugins\/seo\/ -->\n<title>Perch\u00e8 scegliere Ai.Bi. - Lasciti Testamentari<\/title>\n<meta name=\"robots\" content=\"index, follow, max-snippet:-1, max-image-preview:large, max-video-preview:-1\" \/>\n<link rel=\"canonical\" href=\"https:\/\/www.aibi.it\/lasciti-testamentari\/fare-testamento\/esempi-di-testamento\/\" \/>\n<meta property=\"og:locale\" content=\"it_IT\" \/>\n<meta property=\"og:type\" content=\"article\" \/>\n<meta property=\"og:title\" content=\"Perch\u00e8 scegliere Ai.Bi. - Lasciti Testamentari\" \/>\n<meta property=\"og:description\" content=\"[vc_row type=&#8221;full_width_background&#8221; full_screen_row_position=&#8221;middle&#8221; bg_color=&#8221;#ffffff&#8221; scene_position=&#8221;center&#8221; text_color=&#8221;dark&#8221; text_align=&#8221;left&#8221; top_padding=&#8221;10%&#8221; bottom_padding=&#8221;10%&#8221; overlay_strength=&#8221;1&#8243; shape_divider_position=&#8221;bottom&#8221;][vc_column column_padding=&#8221;no-extra-padding&#8221; column_padding_position=&#8221;all&#8221; background_color_opacity=&#8221;1&#8243; background_hover_color_opacity=&#8221;1&#8243; column_shadow=&#8221;none&#8221; column_border_radius=&#8221;none&#8221; width=&#8221;1\/1&#8243; tablet_text_alignment=&#8221;default&#8221; phone_text_alignment=&#8221;default&#8221; column_border_width=&#8221;none&#8221; column_border_style=&#8221;solid&#8221;][vc_row_inner column_margin=&#8221;default&#8221; text_align=&#8221;left&#8221;][vc_column_inner column_padding=&#8221;no-extra-padding&#8221; column_padding_position=&#8221;all&#8221; background_color_opacity=&#8221;1&#8243; background_hover_color_opacity=&#8221;1&#8243; column_shadow=&#8221;none&#8221; column_border_radius=&#8221;none&#8221; width=&#8221;1\/1&#8243; column_border_width=&#8221;none&#8221; column_border_style=&#8221;solid&#8221;][split_line_heading] Grazie ai lasciti testamentari, Amici dei Bambini ha aperto molte strutture che accolgono bambini, mamme e adolescenti in difficolt\u00e0 Dal 1986 ad oggi, abbiamo restituito a migliaia...\" \/>\n<meta property=\"og:url\" content=\"https:\/\/www.aibi.it\/lasciti-testamentari\/fare-testamento\/esempi-di-testamento\/\" \/>\n<meta property=\"og:site_name\" content=\"Lasciti Testamentari\" \/>\n<meta property=\"article:modified_time\" content=\"2024-09-10T10:11:46+00:00\" \/>\n<meta name=\"twitter:card\" content=\"summary_large_image\" \/>\n<meta name=\"twitter:label1\" content=\"Tempo di lettura stimato\" \/>\n\t<meta name=\"twitter:data1\" content=\"3 minuti\" \/>\n<script type=\"application\/ld+json\" class=\"yoast-schema-graph\">{\"@context\":\"https:\/\/schema.org\",\"@graph\":[{\"@type\":\"WebPage\",\"@id\":\"https:\/\/www.aibi.it\/lasciti-testamentari\/fare-testamento\/esempi-di-testamento\/\",\"url\":\"https:\/\/www.aibi.it\/lasciti-testamentari\/fare-testamento\/esempi-di-testamento\/\",\"name\":\"Perch\u00e8 scegliere Ai.Bi. - Lasciti Testamentari\",\"isPartOf\":{\"@id\":\"https:\/\/www.aibi.it\/lasciti-testamentari\/#website\"},\"datePublished\":\"2009-05-18T10:48:49+00:00\",\"dateModified\":\"2024-09-10T10:11:46+00:00\",\"breadcrumb\":{\"@id\":\"https:\/\/www.aibi.it\/lasciti-testamentari\/fare-testamento\/esempi-di-testamento\/#breadcrumb\"},\"inLanguage\":\"it-IT\",\"potentialAction\":[{\"@type\":\"ReadAction\",\"target\":[\"https:\/\/www.aibi.it\/lasciti-testamentari\/fare-testamento\/esempi-di-testamento\/\"]}]},{\"@type\":\"BreadcrumbList\",\"@id\":\"https:\/\/www.aibi.it\/lasciti-testamentari\/fare-testamento\/esempi-di-testamento\/#breadcrumb\",\"itemListElement\":[{\"@type\":\"ListItem\",\"position\":1,\"name\":\"Home\",\"item\":\"https:\/\/www.aibi.it\/lasciti-testamentari\/\"},{\"@type\":\"ListItem\",\"position\":2,\"name\":\"Come fare testamento\",\"item\":\"https:\/\/www.aibi.it\/lasciti-testamentari\/fare-testamento\/\"},{\"@type\":\"ListItem\",\"position\":3,\"name\":\"Perch\u00e8 scegliere Ai.Bi.\"}]},{\"@type\":\"WebSite\",\"@id\":\"https:\/\/www.aibi.it\/lasciti-testamentari\/#website\",\"url\":\"https:\/\/www.aibi.it\/lasciti-testamentari\/\",\"name\":\"Lasciti Testamentari e Solidali\",\"description\":\"Fai un lascito Solidale ad Amici dei Bambini\",\"potentialAction\":[{\"@type\":\"SearchAction\",\"target\":{\"@type\":\"EntryPoint\",\"urlTemplate\":\"https:\/\/www.aibi.it\/lasciti-testamentari\/?s={search_term_string}\"},\"query-input\":\"required name=search_term_string\"}],\"inLanguage\":\"it-IT\"}]}<\/script>\n<!-- \/ Yoast SEO plugin. -->","yoast_head_json":{"title":"Perch\u00e8 scegliere Ai.Bi. - Lasciti Testamentari","robots":{"index":"index","follow":"follow","max-snippet":"max-snippet:-1","max-image-preview":"max-image-preview:large","max-video-preview":"max-video-preview:-1"},"canonical":"https:\/\/www.aibi.it\/lasciti-testamentari\/fare-testamento\/esempi-di-testamento\/","og_locale":"it_IT","og_type":"article","og_title":"Perch\u00e8 scegliere Ai.Bi. - Lasciti Testamentari","og_description":"[vc_row type=&#8221;full_width_background&#8221; full_screen_row_position=&#8221;middle&#8221; bg_color=&#8221;#ffffff&#8221; scene_position=&#8221;center&#8221; text_color=&#8221;dark&#8221; text_align=&#8221;left&#8221; top_padding=&#8221;10%&#8221; bottom_padding=&#8221;10%&#8221; overlay_strength=&#8221;1&#8243; shape_divider_position=&#8221;bottom&#8221;][vc_column column_padding=&#8221;no-extra-padding&#8221; column_padding_position=&#8221;all&#8221; background_color_opacity=&#8221;1&#8243; background_hover_color_opacity=&#8221;1&#8243; column_shadow=&#8221;none&#8221; column_border_radius=&#8221;none&#8221; width=&#8221;1\/1&#8243; tablet_text_alignment=&#8221;default&#8221; phone_text_alignment=&#8221;default&#8221; column_border_width=&#8221;none&#8221; column_border_style=&#8221;solid&#8221;][vc_row_inner column_margin=&#8221;default&#8221; text_align=&#8221;left&#8221;][vc_column_inner column_padding=&#8221;no-extra-padding&#8221; column_padding_position=&#8221;all&#8221; background_color_opacity=&#8221;1&#8243; background_hover_color_opacity=&#8221;1&#8243; column_shadow=&#8221;none&#8221; column_border_radius=&#8221;none&#8221; width=&#8221;1\/1&#8243; column_border_width=&#8221;none&#8221; column_border_style=&#8221;solid&#8221;][split_line_heading] Grazie ai lasciti testamentari, Amici dei Bambini ha aperto molte strutture che accolgono bambini, mamme e adolescenti in difficolt\u00e0 Dal 1986 ad oggi, abbiamo restituito a migliaia...","og_url":"https:\/\/www.aibi.it\/lasciti-testamentari\/fare-testamento\/esempi-di-testamento\/","og_site_name":"Lasciti Testamentari","article_modified_time":"2024-09-10T10:11:46+00:00","twitter_card":"summary_large_image","twitter_misc":{"Tempo di lettura stimato":"3 minuti"},"schema":{"@context":"https:\/\/schema.org","@graph":[{"@type":"WebPage","@id":"https:\/\/www.aibi.it\/lasciti-testamentari\/fare-testamento\/esempi-di-testamento\/","url":"https:\/\/www.aibi.it\/lasciti-testamentari\/fare-testamento\/esempi-di-testamento\/","name":"Perch\u00e8 scegliere Ai.Bi. - Lasciti Testamentari","isPartOf":{"@id":"https:\/\/www.aibi.it\/lasciti-testamentari\/#website"},"datePublished":"2009-05-18T10:48:49+00:00","dateModified":"2024-09-10T10:11:46+00:00","breadcrumb":{"@id":"https:\/\/www.aibi.it\/lasciti-testamentari\/fare-testamento\/esempi-di-testamento\/#breadcrumb"},"inLanguage":"it-IT","potentialAction":[{"@type":"ReadAction","target":["https:\/\/www.aibi.it\/lasciti-testamentari\/fare-testamento\/esempi-di-testamento\/"]}]},{"@type":"BreadcrumbList","@id":"https:\/\/www.aibi.it\/lasciti-testamentari\/fare-testamento\/esempi-di-testamento\/#breadcrumb","itemListElement":[{"@type":"ListItem","position":1,"name":"Home","item":"https:\/\/www.aibi.it\/lasciti-testamentari\/"},{"@type":"ListItem","position":2,"name":"Come fare testamento","item":"https:\/\/www.aibi.it\/lasciti-testamentari\/fare-testamento\/"},{"@type":"ListItem","position":3,"name":"Perch\u00e8 scegliere Ai.Bi."}]},{"@type":"WebSite","@id":"https:\/\/www.aibi.it\/lasciti-testamentari\/#website","url":"https:\/\/www.aibi.it\/lasciti-testamentari\/","name":"Lasciti Testamentari e Solidali","description":"Fai un lascito Solidale ad Amici dei Bambini","potentialAction":[{"@type":"SearchAction","target":{"@type":"EntryPoint","urlTemplate":"https:\/\/www.aibi.it\/lasciti-testamentari\/?s={search_term_string}"},"query-input":"required name=search_term_string"}],"inLanguage":"it-IT"}]}},"_links":{"self":[{"href":"https:\/\/www.aibi.it\/lasciti-testamentari\/wp-json\/wp\/v2\/pages\/62"}],"collection":[{"href":"https:\/\/www.aibi.it\/lasciti-testamentari\/wp-json\/wp\/v2\/pages"}],"about":[{"href":"https:\/\/www.aibi.it\/lasciti-testamentari\/wp-json\/wp\/v2\/types\/page"}],"author":[{"embeddable":true,"href":"https:\/\/www.aibi.it\/lasciti-testamentari\/wp-json\/wp\/v2\/users\/3"}],"replies":[{"embeddable":true,"href":"https:\/\/www.aibi.it\/lasciti-testamentari\/wp-json\/wp\/v2\/comments?post=62"}],"version-history":[{"count":46,"href":"https:\/\/www.aibi.it\/lasciti-testamentari\/wp-json\/wp\/v2\/pages\/62\/revisions"}],"predecessor-version":[{"id":4973,"href":"https:\/\/www.aibi.it\/lasciti-testamentari\/wp-json\/wp\/v2\/pages\/62\/revisions\/4973"}],"up":[{"embeddable":true,"href":"https:\/\/www.aibi.it\/lasciti-testamentari\/wp-json\/wp\/v2\/pages\/29"}],"wp:attachment":[{"href":"https:\/\/www.aibi.it\/lasciti-testamentari\/wp-json\/wp\/v2\/media?parent=62"}],"curies":[{"name":"wp","href":"https:\/\/api.w.org\/{rel}","templated":true}]}}